te 27 - (-19 + 3 - -59).
-16
Calculate 8 + (2 - -1) + (1 - (2 + -4)).
14
What is the value of (354 - 327) + 11 + -3?
35
-5 + (10 - 12 - 3)
-10
11 + (20 - 6) + -9
16
What is the value of -6 + -1 + -18 + (13 - 5 - -7)?
-10
6 - -7 - (-1 + 3 + 18)
-7
Calculate -23 + -1 + (-7 - -14) + 2.
-15
(-1 - 14) + (-12 - -30 - 12)
-9
What is the value of 5 + 4 + -7 + (-9 - 1) - 6?
-14
What is the value of 1 + -21 - (-7 - 6 - -1)?
-8
What is 3 + (-20 - 10) - (-23 + 14)?
-18
Calculate 2 + 7 + -29 + 16 + -21.
-25
35 - (-1 + (-123 - -129 - (-1 + -5)))
24
Calculate -6 + -46 + 52 + -3 + 2 + 17.
16
What is the value of (-15 - (5 - 18)) + 0?
-2
What is (0 - 6 - (-32 - -15)) + 2?
13
What is -28 + (-8 - -3) + 10?
-23
What is 1 - 6 - (-5 + (2 - 8) - -14)?
-8
What is the value of -1 - (7 + 6 + -12)?
-2
Evaluate (2 - -7) + -8 + -17 + 19.
3
Evaluate 152 + -165 - (-33 + (-2 - 2)).
24
Calculate (14 + -7 - 2) + -17.
-12
What is -31 - -38 - 33 - -34?
8
What is the value of (-31 - -9 - -15) + -2?
-9
What is the value of (5 - -4) + 2 + 1 + 5?
17
Evaluate 13 - (2 + -1 + 12 + -12 + 4).
8
(-3 + -52 - -28) + 32
5
-7 + (-3 - -8) + 5 + 1 + 7
11
What is the value of (-15 - -7 - 2) + 6 + -9?
-13
Calculate 20 - -11 - 4 - 55.
-28
Evaluate 1 + (4 + -25 + 3 - (7 + -12)).
-12
Calculate (-9 - (-10 - -5)) + 8 + 6.
10
What is the value of (1 - -22 - 10) + -12?
1
What is 27 + ((14 - 16) + (-2 - -10) - -1)?
34
Calculate -19 - (4 - -2 - 25) - (2 - 7).
5
What is the value of 12 + (-2 - (1 + -6 + 5))?
10
What is 18 + 1 + (-3 + 2 - (9 - 3))?
12
What is 13 + -1 - (0 - 6) - 7?
11
Evaluate -9 + (40 - 36) + 0 + 22.
17
What is (-5 - -19) + -10 + 3?
7
What is the value of -12 - ((5 - 3) + 1 - 16)?
1
What is the value of (0 - 13) + (66 - 33) - 7?
13
Evaluate (5 - (16 - -3)) + (-1 - -4).
-11
What is the value of -19 + 19 + ((5 - 5) + -4 - 4)?
-8
23 + (15 - (26 - 7))
19
Evaluate -1 - (219 - 238 - (0 + -7 - 2)).
9
Calculate 19 - (6 - -28) - (1 + -14).
-2
What is the value of -9 + -8 + -7 + 40?
16
Evaluate -14 + -12 + -2 + 4 - -7.
-17
Calculate -18 + 0 - (53 + -116 - -58).
-13
Calculate (-12 + 4 + 4 - -6) + (-17 - -7).
-8
Calculate 33 + -40 - (4 + -2 + -3).
-6
What is the value of 25 + -10 - (-4 - -39)?
-20
(-5 - -25) + -8 - (9 + -6)
9
Calculate -23 + 6 + (10 - (7 + -3)).
-11
What is the value of -1 + -4 + -8 + 15 + -30 + 20?
-8
Calculate (11 - 9) + (-1 - -6).
7
Calculate 10 - -26 - 15 - 13.
8
What is the value of -6 + 1 - 0 - (-68 - -67)?
-4
-8 + 3 + 41 + -28
8
Calculate -4 + 1 + -8 + -1 + (6 - -14).
8
What is -11 + 16 + -1 + -24?
-20
(7 + 11 + -9 - 15) + 11
5
What is the value of (0 - (0 + 1)) + (-2 + 37 - 33)?
1
What is 14 + 29 + -19 + (-2 - 10)?
12
20 + -53 + 28 + 16 + (8 - 0)
19
(0 - (9 + 4) - 2) + 2
-13
11 + -9 + 8 + -14 + -8
-12
Calculate 10 + (-16 - (-24 - -8)).
10
What is the value of -3 + 13 + 5 + -8?
7
(7 - 7 - -2 - 7) + 4
-1
What is -68 + 34 + 49 - (10 - 0)?
5
Calculate (2 - 0 - 8) + (34 - 67) + 19.
-20
What is the value of (-7 - 1) + (-78 - -92)?
6
(1 - 6) + (0 - (-11 - 0))
6
Evaluate -43 + -22 + 18 + 30.
-17
Calculate -1 + 5 + 4 + 15 + -11.
12
1 - -2 - 1 - (12 + -25 + 25)
-10
Evaluate 19 + (34 - (20 + 21)).
12
Evaluate 8 - (22 - (-6 + 25) - (-1 + 25)).
29
What is 8 - (-1 + 13 - (150 - 156))?
-10
What is -137 - -145 - (8 + 1)?
-1
What is the value of (-2064 - -2072) + -17 + (1 - 2)?
-10
What is (-20 - 6 - -30) + -26?
-22
-4 - ((1 - 0) + 1) - (20 + -26)
0
Calculate -6 + 0 - (0 + 1 - -1) - -1.
-7
What is the value of -11 - (-5 + -5 + 1 + -2)?
0
Evaluate (-1 + (3 - 1) - (66 - 56)) + -1.
-10
Calculate -2 + 0 - (-1 - 1) - -13.
13
Calculate 11 + -1 + -16 + 0.
-6
What is the value of -83 - -81 - (23 + 1 + -2) - -8?
-16
What is the value of -6 + -2 + 17 - 4?
5
What is the value of 7 + 0 - (140 - 134)?
1
Evaluate -8 + -4 - (13 - 11 - 9).
-5
What is -24 - (8 + -25) - 0?
-7
(-1 - -6) + (41 + -8 - 24)
14
Calculate 1 + -23 + (4 - -3) + -7 + 7.
-15
What is the value of -12 + 13 + 2 + (-1 - (26 + -5))?
-19
What is the value of (-12 - 3) + -3 - (-9 - -3)?
-12
Evaluate (-3 - -21) + -1 + -12.
5
What is the value of 3 - (-1 + -3 - 7)?
14
Evaluate -23 - -25 - (2 - 2).
2
What is -5 + (-1 - (-2 + (9 - 3)))?
-10
Calculate 38 + (-15 - -23) + -30.
16
What is (-34 - 0 - (6 + -9)) + (-1 - -5)?
-27
What is the value of -1 - (-1 + 13 + -10 + 20 + 0)?
-23
Calculate 11 + (7 - 17) + (5 - 20).
-14
Evaluate (14 + -26 - -21) + -9.
0
What is the value of 2 + 30 + -44 + 25?
13
Evaluate (12 - 4) + 0 + (-5 + 5 - 0).
8
Calculate 30 - (-10 + (11 - (-4 - 2)) - 5).
28
What is 21 + -6 + -40 + 16?
-9
What is the value of -6 - (6 + -10 + -3 + 2)?
-1
What is the value of -1 + (1 + -9 - 5 - -4)?
-10
Calculate (-9 - (32 - 2)) + 32.
-7
Calculate 9 - (-13 + 4 + 5) - 2.
11
What is the value of 4 - (-9 + 19 + -7 - -30)?
-29
What is the value of (-3 - -2) + 5 + (46 - 71)?
-21
Calculate ((4 - 2) + -1 - (6 + 9)) + 2.
-12
29 - (-21 + (-11 - -45))
16
Evaluate (-12 - (3 + 5)) + 5 + 9 - -7.
1
Calculate -19 + -3 + (115 - 101).
-8
Calculate -12 - (14 + -15) - -27 - 9.
7
Evaluate (5 - -5) + (4 - 15) + 1.
0
Calculate 0 - (9 - -6 - (2 - -8)).
-5
Evaluate -10 + (-72 + 74 - (1 - 3)).
-6
Calculate 26 + -2 - (141 + -99).
-18
7 + 7 + -8 - ((0 - 2) + 23)
-15
What is the value of (-6 - -16) + -1 + 2 + -1 - -8?
18
What is 2 + (-66 - -58 - (0 + -10))?
4
Calculate 2 + 1 + (-9 - (-1 + -8) - 5).
-2
Calculate 20 - (-33 + (59 - -7)).
-13
Calculate 5 - -2 - (-5 - (14 + -28)).
-2
Evaluate 1941 + -1915 - ((0 - -1) + 6).
19
What is -12 - 11 - -2 - -4?
-17
What is -9 + 9 - (0 - 5 - 0)?
5
What is the value of -5570 + 5563 - (0 - (-1 + 1) - 32)?
25
Evaluate (4 - (2 + -1 + -2 + 7)) + -7.
-9
What is the value of -42 + -28 + (62 - 10)?
-18
Calculate (0 - (-5 + 3)) + (-1 - 7).
-6
Calculate (-3 - -21 - 43) + 10.
-15
Calculate -7 + 20 + (-1 - (-2 - -8 - 11)).
17
Calculate 222 - 214 - (-13 + -2).
23
What is -3 + (9 - 0) + (-13 - (3 + -11))?
1
Calculate -14 + 35 + 1 + -11 + 14.
25
What is -27 + (11 - 11 - 7) + 11?
-23
What is -4 + 14 + 9 + (-9 - -6) + -3?
13
What is 10 + (-1 - (16 - (15 - 6)))?
2
What is 0 + 1 - (-10 - (-10 + -7))?
-6
What is the value of 1 + -18 - (104 + -97)?
-24
Evaluate (9 - 16 - -1) + 7 + -8.
-7
Calculate (0 - -12 - 3) + -10.
-1
What is 0 - 39 - (-1240 + 1221)?
-20
What is the value of -34 - (-2 + -26) - 13?
-19
Calculate 51 + 0 + (25 - 8) + -34.
34
What is the value of -120 - -135 - (18 - 0)?
-3
What is the value of -5 + -20 + 9 + 11?
-5
Evaluate (-31 - (-40 + 6)) + (8 - -3).
14
What is the value of (-10 + 8 + 1 - 3) + 9?
5
Evaluate -11 - (-10 + 9 + (-4 - (-4 - 7))).
-17
What is -3 + (-14 - -28) + 6 + 1?
18
What is the value of 1 - 3 - (-56 - (0 + -41))?
13
What is 11 + (-32 - (7 + -11)) + -2?
-19
Evaluate 0 - (-4 + 10 + -21) - 10.
5
Evaluate (2 - 44) + 46 - (8 + -1 + 1).
-4
Calculate -1 - -8 - (-4 + 6 + 6).
-1
What is the value of 15 - (4 + 5 + -15 + 6 + 1)?
14
What is the value of -6 + 12 + -21 - -25?
10
-6 - 6 - (-55 - -53)
-10
What is the value of (5 - 7) + 2 + -1 + -13 + 0?
-14
What is -11 + -43 + 56 - (12 - -1)?
-11
0 - (-1 + 14 - (12 + -22 - -13))
-10
What is -3 + (33 - 18) + -32?
-20
What is the value of 11 - (12 + 0 + -9 + (-2 - -5))?
5
4 + (-4 - (-2 + 8)) + (0 - 4)
-10
Calculate (-3 - 3) + 59 + -65.
-12
What is the value of 10 + 8 + 2 + -9 + -12 + 6?
5
Calculate 7 + (2 - -10 - 5).
14
1 + 15 + -2 - (16 - 10)
8
Calculate -11 + (2 - (-4 + 5)).
-10
Calculate (10 - 0) + 4 - (50 + -9).
-27
What is the value of (90 + -66 - (-2 - -1)) + -15?
10
Evaluate (-26 - -49) + -18 - (2 - -20).
-17
18 + 6 + 4 + -2 + (4 - 13)
17
Calculate -6 - ((11 - 15) + 9 + -13).
2
What is -720 - -712 - (-1 - 27)?
20
What is the value of 19 + (-41 - (17 + -21))?
-18
Evaluate -9 - (6 - (3 - -6)) - -11 - 4.
1
What is (28 - (24 - -12)) + (0 - 1) + 8?
-1
What is the value of -59 - 22 - -33 - -33?
-15
What is the value of (2 - -14 - 39) + 3?
-20
Calculate -14 + (-6 - (50 + -58 - (-1 + -7))).
-20
What is -5 + ((6 - 8) + 22 - 8) + -37?
-30
Evaluate (-1 - 13) + (-8 - -32).
10
Evaluate -39 + 0 + (-7 + 13 - -4).
-29
Calculate (-12 - -9) + -57 - -34.
-26
Evaluate 6 - 0 - (4 - 0 - (-2 + 1)).
1
What is the value of 12 - -1 - (15 - 14 - -11)?
1
Evaluate 17 - 55 - (4 - (6 - -13)).
-23
1 + 1 + -6 + (0 - 0 - 5)
-9
What is the value of 704 + -739 - (2 + 0)?
-37
(-4 - ((8 - (12 + -6)) + -3)) + 6
3
Evaluat